rs of r.
2, 67
Suppose 0 = -42*q + 43*q - 22956. Suppose -23*y + 35*y = q. List the prime factors of y.
1913
Suppose -1414 = -3*z + 2*j, -26*j = -z - 28*j + 458. What are the prime factors of z?
2, 3, 13
Let m(z) = -5*z + 23*z**2 + 14*z**2 + 136 - 137. Let b be m(-1). Let a = b + -15. List the prime factors of a.
2, 13
Let u be -5*1*(-1 + (1 - 1)). Let f(p) = p**3 - 5*p**2 - 2*p + 12. Let d be f(u). Suppose 4*g = 5*q - 205, -49 = -d*q - 3*g - 2*g. List the prime factors of q.
37
Let l(t) be the second derivative of -2*t**3 - 49*t**2/2 - 2265*t. Suppose 2*c = -f - 17, -2*f - c - 42 = c. List the prime factors of l(f).
251
Suppose f - 4*j = -f - 662, -3*f - 4*j = 963. Let y = -161 - f. What are the prime factors of y?
2, 41
Let j(z) = 7*z + 66. Let p be j(-9). Suppose -5*w = -2*i + 731, -4*i = -i - p*w - 1119. Suppose i = b + 17*b. List the prime factors of b.
3, 7
Let n(a) = 9*a - 215. Let q be n(27). Suppose 3*f - 3*w - 2061 = 0, -27*f + 2*w - 690 = -q*f. What are the prime factors of f?
2, 43
Let y(q) = q**2 - q - 15. Let x be y(-3). Let b(r) = 66*r + 11. Let t(d) = -66*d - 10. Let c(a) = x*t(a) - 2*b(a). List the prime factors of c(2).
2, 5, 7
Let r = -94 + 109. Let a be 0 - 4 - (-24 + r). Suppose 204 = a*i - 636. What are the prime factors of i?
2, 3, 7
What are the prime factors of -17 + (12 - -12) + 1 + -8 - -24761?
11, 2251
Let z(l) = 32*l - 30. Let i be z(6). Suppose -6*q = -2*q - 16, v = 5*q + i. Let u = v + -78. What are the prime factors of u?
2, 13
Suppose -6*o = 4*o - 300. Suppose 0 = -3*p + 2*w + 118, -w - o = -p + 2*w. Let b = 8 + p. List the prime factors of b.
2, 5
Suppose 5584 = -4*h - 10*u + 7*u, -3*h - 4183 = u. Let l = -184 - h. List the prime factors of l.
3, 13, 31
Suppose 3*a = 5*u - 179, 3*a - 35 - 24 = -2*u. Let w(h) = -101*h**2 - 12*h + 5 - u + 102*h**2. List the prime factors of w(16).
5, 7
Let g be 11 + (12/(-4) - 2). Suppose 5*h = -g*h + 2288. List the prime factors of h.
2, 13
Let d(u) = -u**2 - 2*u + 17. Let k be d(3). Suppose -10*r + 7776 = k*r. What are the prime factors of r?
2, 3
Let u(y) = -y**2 + 12*y - 7. Let w be u(11). Let z = -16 - -20. List the prime factors of z - 4 - -43 - w.
3, 13
Let x = 5354 - -978. What are the prime factors of x?
2, 1583
Suppose 2*h = -2*f - 694, -f + 6*f = 2*h - 1742. Let s = -66 - f. List the prime factors of s.
2, 3, 47
Let l be (-5)/(-20) + (-51)/12. Suppose -48*h + 43*h - 230 = 0. What are the prime factors of (l + h/4)*-2?
31
Let h(n) = 24*n + 17. Suppose 6*a = 7*a + 5*a. List the prime factors of h(a).
17
Let h = 1035 - 538. Let u be (-7 + 8)/(1/7). Suppose -u*t + 210 + h = 0. What are the prime factors of t?
101
What are the prime factors of (-5)/(-6)*-16*-291?
2, 5, 97
Let y be (48/20*-1)/((-5)/(-25)). What are the prime factors of (4 - (-44)/y) + 644/12?
2, 3
Let v be 39716/(2/((-16)/(-12)*3)). What are the prime factors of v/60 - (5 - (-154)/(-30))?
2, 331
Let o(u) = 3*u + 2. Let b = -171 + 182. List the prime factors of o(b).
5, 7
Let d = -3148 - -17871. List the prime factors of d.
14723
Suppose 2*c = 2*j - 15610, 0 = -14*j + 11*j + 2*c + 23419. List the prime factors of j.
3, 19, 137
Let l(z) = -2*z**3 + 40*z**2 - 41*z + 525. List the prime factors of l(-27).
2, 3, 11, 1063
Suppose -a - g + 13 = 0, a = 4*a - 2*g - 54. Let h = a + -10. Let z(w) = 5*w + 2. What are the prime factors of z(h)?
2
Let t(p) = p**3 - 24*p**2 - p - 19. Let w be t(24). Let o(c) = -17*c - 366. List the prime factors of o(w).
5, 73
Let h be ((-60)/(-24))/((-10)/(-4)) + 36. Let w be 2/9 + (-101)/9. Let g = h - w. List the prime factors of g.
2, 3
Suppose 6*s = 18*s - 24. Suppose s*l + 5*c - 1601 = 0, 0*c - 763 = -l + 5*c. List the prime factors of l.
2, 197
Let p(z) = 12*z**3 - 9*z**2 + 33*z - 159. What are the prime factors of p(7)?
3, 1249
Suppose 4*b = 3*t - 36791, 5*b - 36773 = -42*t + 39*t. What are the prime factors of t?
3, 61, 67
Suppose -126082 = -324*f - 140277 + 306443. What are the prime factors of f?
2, 11, 41
Let z(k) = k**2 + 4*k - 26. Let u be z(-10). Suppose 0 = -35*w + u*w + 4. Suppose -311 = -w*o + 105. List the prime factors of o.
2, 13
Let c be 2/11*(-99)/(-18). List the prime factors of (6838/78)/(c/3).
263
Suppose 5*b - k = 1783, 2*b - 925 + 205 = -3*k. Let z(s) = s**2 + 4*s + 3. Let f be z(-4). Suppose b = -f*x + 10*x. What are the prime factors of x?
3, 17
What are the prime factors of (-1)/(-3) + 1251175/33 - 726/(-2662)?
5, 7583
Let v(u) = -240*u + 193. Let y(w) = -48*w + 39. Let n(i) = -2*v(i) + 11*y(i). What are the prime factors of n(-3)?
11, 17
Suppose 4*s = 4*l + 279824, 13*s + 3*l - 1329296 = -6*s. List the prime factors of s.
2, 34981
Let z(f) = -3*f + 549*f**2 + 2*f - 498*f**2 + 1995*f**2 - 3 - f. List the prime factors of z(-1).
5, 409
Let n(u) = 132*u**2 + 412*u - 6243. List the prime factors of n(15).
3, 37, 89
Let l = 168275 + -117009. List the prime factors of l.
2, 25633
Let c be -3*(848/(-12) - 3). Suppose c + 719 = 2*d. What are the prime factors of d?
2, 5, 47
Let u be (467 - 7) + (-28)/7. Let q = -302 + u. List the prime factors of q.
2, 7, 11
List the prime factors of -378*19/(-342)*9.
3, 7
Let x be 45*(35/7)/5. List the prime factors of (x - 38)*18/7.
2, 3
Suppose 2*j - 297 - 927 = 0. Suppose j = 19*y - 10*y. Let k = 179 - y. List the prime factors of k.
3, 37
Let q = 39 + -50. Let d(y) = -2*y**3 - 14*y**2 + 7*y - 33. What are the prime factors of d(q)?
2, 3, 11, 13
Let t(x) = 5*x**3 + 6*x**2 - 11*x + 15. Suppose 5*p = -2*g - 115, -2*g + 5*p = 3*g + 235. Let u = g + 53. List the prime factors of t(u).
3, 19
Suppose -4*g + 114 - 1506 = 0. What are the prime factors of (1/1)/(1040/g - -3)?
3, 29
Let f(m) = -m**2 - 9*m - 15. Let p be f(-6). Let j(x) = -36*x + 6*x**2 + 0 - 4 + x**p + 33*x. List the prime factors of j(-3).
2
Let p = 50 + -42. Suppose w - 2*a - 23 = -7*a, 0 = -2*a + p. What are the prime factors of (-36 + 2)*w/(-6)?
17
Let v be -3*(4/12)/1 - 2. Let n be 541 + 7 - (v - 1) - 2. Suppose 11*t = 9*t + n. List the prime factors of t.
5, 11
Suppose 0 = 2*w + 3*b - 5, -1 = w - 3*b - 8. Suppose 0 = w*f + 20, -3*a + f - 27 = a. Let o(v) = -v + 10. What are the prime factors of o(a)?
2, 3
Let d be -1*(-6)/(-1)*(-65)/26. Let f be 10/d*-3 - (-4 - 0). Suppose 4*r = -5*o + 599, -3*r = f*r + 2*o - 770. List the prime factors of r.
2, 3, 13
Let s(r) = 401*r + 120. Let x be s(-8). What are the prime factors of 28/8*x/(-14)?
2, 193
Let n be (-8)/20 + (-116)/10. Let c be 381/(-9) + n/18. Let v = 136 - c. List the prime factors of v.
179
Suppose -2205*m + 4208358 = -2051*m. List the prime factors of m.
3, 9109
Let i(s) = -3 + 56*s**2 + 3*s**3 + 2 - 51*s**2. Let t = -444 - -446. What are the prime factors of i(t)?
43
Let f = -617 + 622. Suppose f*h - 6156 = -4*h. List the prime factors of h.
2, 3, 19
Suppose 8247 = 31*k - 28*k. Let o = k - 1233. List the prime factors of o.
2, 379
List the prime factors of (20/(-8))/(170/(-248812)).
3659
Suppose 0 = 3*n - 5*n + 17*n - 769410. What are the prime factors of n?
2, 3, 83, 103
Suppose 0 = p, 6*p = 3*f + p - 654. Let h = 263 + -235. Suppose -f + h = -5*k. What are the prime factors of k?
2, 19
Suppose -149 = -7*z - 114. Suppose -547 = -z*i + 548. What are the prime factors of i?
3, 73
Let m(s) = -26*s + 971. Let v = 128 + -128. What are the prime factors of m(v)?
971
Let w = 28506 - 8573. What are the prime factors of w?
31, 643
Let j(k) = 11*k + 57. Let l be j(-5). List the prime factors of -565*(-1 + l)*32/(-160).
113
Suppose 72624 + 175128 = 27*t. List the prime factors of t.
2, 31, 37
List the prime factors of ((7 - -1)/(-4))/((-92)/1893590).
5, 8233
Let l be (-1 - -60)*(1 + -2) + 1. Let x = -44 - l. List the prime factors of x.
2, 7
Let o = 185 - 91. Let w = 102 - o. Suppose 3*g - 2*z - 172 = 3*z, w = 2*z. What are the prime factors of g?
2
Suppose -5*x + 631 = -3*x - w, -3*w = 5*x - 1583. Let r = x - 259. What are the prime factors of r?
3, 19
Suppose -3*u = 5*s - 476, u + 160 = 2*u + s. Let y be 2/10*(-30)/(-2). Suppose -y*i + u = 6*i. List the prime factors of i.
2, 3
Let m be 3/((-42)/4)*3479/(-7). Suppose -490 = -j + m. What are the prime factors of j?
2, 79
Let y = 10321 + -7805. List the prime factors of y.
2, 17, 37
Let r(m) = 2*m**3 + 4*m**2 - 15*m + 6. Suppose 5*d = -5*j + 8*d + 24, -5*d + 16 = 